3 is divided by 52?
45
What is the remainder when 204 is divided by 23?
20
What is the remainder when 278 is divided by 17?
6
What is the remainder when 1110 is divided by 31?
25
Calculate the remainder when 199 is divided by 156.
43
What is the remainder when 584 is divided by 31?
26
What is the remainder when 591 is divided by 66?
63
Calculate the remainder when 714 is divided by 235.
9
Calculate the remainder when 50 is divided by 9.
5
What is the remainder when 769 is divided by 57?
28
Calculate the remainder when 100 is divided by 19.
5
What is the remainder when 3285 is divided by 18?
9
What is the remainder when 671 is divided by 219?
14
What is the remainder when 83 is divided by 47?
36
Calculate the remainder when 378 is divided by 14.
0
What is the remainder when 109 is divided by 54?
1
What is the remainder when 801 is divided by 12?
9
Calculate the remainder when 1130 is divided by 63.
59
Calculate the remainder when 1513 is divided by 15.
13
Calculate the remainder when 1509 is divided by 255.
234
What is the remainder when 814 is divided by 82?
76
What is the remainder when 18339 is divided by 4?
3
What is the remainder when 42 is divided by 23?
19
What is the remainder when 775 is divided by 97?
96
What is the remainder when 78 is divided by 16?
14
What is the remainder when 430 is divided by 6?
4
What is the remainder when 18142 is divided by 16?
14
Calculate the remainder when 242 is divided by 26.
8
What is the remainder when 3010 is divided by 12?
10
Calculate the remainder when 565 is divided by 23.
13
What is the remainder when 66 is divided by 24?
18
What is the remainder when 2752 is divided by 47?
26
Calculate the remainder when 497 is divided by 83.
82
What is the remainder when 1417 is divided by 461?
34
Calculate the remainder when 21671 is divided by 25.
21
What is the remainder when 2427 is divided by 1208?
11
Calculate the remainder when 416 is divided by 12.
8
What is the remainder when 177 is divided by 30?
27
Calculate the remainder when 523 is divided by 20.
3
Calculate the remainder when 275 is divided by 77.
44
What is the remainder when 744 is divided by 175?
44
What is the remainder when 789 is divided by 12?
9
Calculate the remainder when 2266 is divided by 14.
12
What is the remainder when 73 is divided by 32?
9
Calculate the remainder when 258 is divided by 66.
60
Calculate the remainder when 1105 is divided by 7.
6
Calculate the remainder when 410 is divided by 103.
101
Calculate the remainder when 116 is divided by 20.
16
Calculate the remainder when 53 is divided by 20.
13
What is the remainder when 1680 is divided by 153?
150
What is the remainder when 473 is divided by 9?
5
Calculate the remainder when 87 is divided by 4.
3
Calculate the remainder when 308 is divided by 20.
8
Calculate the remainder when 1497 is divided by 12.
9
Calculate the remainder when 747 is divided by 125.
122
Calculate the remainder when 133 is divided by 28.
21
What is the remainder when 1439 is divided by 13?
9
Calculate the remainder when 487 is divided by 61.
60
Calculate the remainder when 608 is divided by 77.
69
Calculate the remainder when 263 is divided by 44.
43
Calculate the remainder when 63 is divided by 5.
3
Calculate the remainder when 493 is divided by 13.
12
Calculate the remainder when 355 is divided by 38.
13
Calculate the remainder when 372 is divided by 11.
9
What is the remainder when 5622 is divided by 35?
22
What is the remainder when 265 is divided by 65?
5
Calculate the remainder when 27 is divided by 27.
0
What is the remainder when 31 is divided by 17?
14
Calculate the remainder when 274 is divided by 82.
28
What is the remainder when 388 is divided by 21?
10
Calculate the remainder when 339 is divided by 10.
9
Calculate the remainder when 1839 is divided by 10.
9
Calculate the remainder when 468 is divided by 429.
39
What is the remainder when 606 is divided by 118?
16
What is the remainder when 170 is divided by 47?
29
What is the remainder when 53 is divided by 33?
20
What is the remainder when 191 is divided by 49?
44
What is the remainder when 2849 is divided by 5?
4
Calculate the remainder when 232 is divided by 47.
44
Calculate the remainder when 248 is divided by 9.
5
What is the remainder when 249 is divided by 36?
33
What is the remainder when 1118 is divided by 56?
54
What is the remainder when 1944 is divided by 966?
12
Calculate the remainder when 156 is divided by 86.
70
Calculate the remainder when 243 is divided by 11.
1
What is the remainder when 109 is divided by 15?
4
Calculate the remainder when 1002 is divided by 59.
58
What is the remainder when 814 is divided by 372?
70
What is the remainder when 23 is divided by 6?
5
Calculate the remainder when 262 is divided by 33.
31
What is the remainder when 523 is divided by 519?
4
What is the remainder when 386 is divided by 128?
2
What is the remainder when 10184 is divided by 105?
104
What is the remainder when 48 is divided by 14?
6
Calculate the remainder when 475 is divided by 33.
13
Calculate the remainder when 1425 is divided by 6.
3
Calculate the remainder when 123 is divided by 22.
13
What is the remainder when 346 is divided by 310?
36
Calculate the remainder when 196 is divided by 72.
52
What is the remainder when 29782 is divided by 259?
256
What is the remainder when 85 is divided by 33?
19
What is the remainder when 5549 is divided by 16?
13
Calculate the remainder when 1303 is divided by 100.
3
What is the remainder when 1757 is divided by 868?
21
What is the remainder when 84 is divided by 13?
6
What is the remainder when 2699 is divided by 50?
49
Calculate the remainder when 880 is divided by 56.
40
Calculate the remainder when 1378 is divided by 92.
90
What is the remainder when 29 is divided by 12?
5
Calculate the remainder when 584 is divided by 221.
142
Calculate the remainder when 195 is divided by 27.
6
What is the remainder when 479 is divided by 14?
3
Calculate the remainder when 769 is divided by 24.
1
What is the remainder when 148 is divided by 23?
10
Calculate the remainder when 766 is divided by 16.
14
Calculate the remainder when 133 is divided by 62.
9
Calculate the remainder when 1831 is divided by 4.
3
Calculate the remainder when 538 is divided by 9.
7
Calculate the remainder when 73 is divided by 5.
3
What is the remainder when 2531 is divided by 3?
2
What is the remainder when 1889 is divided by 73?
64
Calculate the remainder when 98 is divided by 22.
10
Calculate the remainder when 154 is divided by 82.
72
Calculate the remainder when 817 is divided by 13.
11
Calculate the remainder when 37 is divided by 2.
1
Calculate the remainder when 16196 is divided by 91.
89
Calculate the remainder when 1832 is divided by 583.
83
What is the remainder when 3115 is divided by 184?
171
Calculate the remainder when 116 is divided by 49.
18
Calculate the remainder when 1046 is divided by 150.
146
Calculate the remainder when 571 is divided by 116.
107
Calculate the remainder when 2688 is divided by 13.
10
Calculate the remainder when 5834 is divided by 23.
15
Calculate the remainder when 199 is divided by 14.
3
What is the remainder when 92 is divided by 25?
17
What is the remainder when 1401 is divided by 675?
51
What is the remainder when 649 is divided by 321?
7
What is the remainder when 150 is divided by 60?
30
What is the remainder when 347 is divided by 56?
11
Calculate the remainder when 5550 is divided by 2772.
6
What is the remainder when 115 is divided by 39?
37
Calculate the remainder when 269 is divided by 87.
8
Calculate the remainder when 59 is divided by 9.
5
Calculate the remainder when 383 is divided by 27.
5
What is the remainder when 3024 is divided by 36?
0
Calculate the remainder when 79 is divided by 23.
10
Calculate the remainder when 519 is divided by 6.
3
Calculate the remainder when 517 is divided by 37.
36
Calculate the remainder when 123 is divided by 20.
3
Calculate the remainder when 81 is divided by 15.
6
What is the remainder when 976 is divided by 55?
41
Calculate the remainder when 2677 is divided by 158.
149
What is the remainder when 72 is divided by 18?
0
What is the remainder when 950 is divided by 14?
12
Calculate the remainder when 337 is divided by 72.
49
Calculat